Determine w(-3).
-15
Let q(x) = x**2 + x - 1. Let c(b) = 6*b**2 + 4*b - 6. Let h(v) = c(v) - 5*q(v). Let i = -47 + 50. What is h(i)?
5
Let a be 1116/189 + (-4)/(-42). Let k(d) = d + 3. Determine k(a).
9
Let r(w) = 8*w - 3*w + 3*w**2 - 2*w**2 - 3 + 0*w**2. Give r(-5).
-3
Let o(u) = u**3 - u**2 + u + 1. Let c(x) = -2*x**3 - 3*x**2 + 5*x + 1. Let m(s) = -c(s) - o(s). What is m(-4)?
22
Let q(k) = -k**3 + 7*k**2 - 4*k - 8. Let p(o) = o**2 - 4*o - 18. Let x be p(8). Let t be 4/x + (-80)/(-14). Calculate q(t).
4
Let n(w) = 5*w**2 + 7*w + 3. Let k(m) = m**2 + m. Let u(q) = 6*k(q) - n(q). Let h be (-5 - -2)*(-1 + 2). What is u(h)?
9
Let t = 2 - -1. Let f(u) = u + 1. Let q be f(3). Suppose q*z - t*z + 4 = 0. Let w(b) = -b**3 - 5*b**2 - 6*b. Calculate w(z).
8
Let u(s) = s + 1. Let r be 2/11 - (-53)/11. Suppose -r*n + 14 = 2*x, 0*x + x = -n + 1. What is u(x)?
-2
Let f(r) = 3*r + r - 3*r. Let k(x) = -2*x**2 - 3*x + 1. Let s be k(-2). Let c be ((-16)/(-2))/(-1 + s). Give f(c).
-4
Let w(c) = -c**2 - 6*c - 11. Let s(m) = m**2 + 7*m + 10. Let z(a) = -5*s(a) - 4*w(a). Calculate z(-9).
12
Let p(o) = 3*o**2 + 4*o - 3. Let n(s) = s**2 + s - 1. Let l(c) = 2*n(c) - p(c). Calculate l(1).
-2
Let d(r) = 3*r. Let n(p) = -4*p + 1. Let b(g) = -5*d(g) - 4*n(g). Let h be (2/5)/((-2)/(-40)). Let f be 9/(18/h) - 0. Determine b(f).
0
Let g(i) = -5*i**3 - i - 1. Let n be g(-1). Let d be n + 1/(-1) - 1. Let r(x) = x - 1. Determine r(d).
2
Let s(u) = u**2 - 5*u - 1. Let o = -11 + 16. Give s(o).
-1
Suppose 2*p - 17 = -5*w, w + 0*w = -5*p + 8. Suppose 2 = -w*h - 5*i + 3, -h - 4*i - 2 = 0. Let r(v) = v**3 - 4*v**2 + 3*v. Calculate r(h).
-2
Let c(i) be the second derivative of i**4/12 + i**3/6 - i**2/2 - i. Suppose 9*h + 9 = -9. Determine c(h).
1
Let m be 1/2*(-12)/1. Let x(v) = 5*v**2 - 6 + v**3 + 2*v - 10*v + 2*v. Give x(m).
-6
Let z(a) be the first derivative of 3*a**2/2 - 4*a - 26. Determine z(3).
5
Let v(h) = h**2 + 4*h - 4. Let j be v(-6). Let r(m) = 10 + 9*m - j*m + 12*m. Let k(c) = c + 1. Let s(a) = 22*k(a) - 2*r(a). What is s(2)?
-6
Let t(b) = -b**3 + 5*b**2 - b - 5. Let r be 2/4*132/6. Let s = r + -6. Calculate t(s).
-10
Let s(k) be the first derivative of -5*k**2/2 - k - 2. Let t be (4/(-10))/((-1)/10). Suppose 5 = -t*x - 3. Give s(x).
9
Let n(r) = -6*r**3 + 5*r**3 - 1 - 5 - r**2 + r + 7*r**2. Give n(6).
0
Let a(w) be the third derivative of -w**6/360 - w**5/20 - w**4/12 + w**3 + w**2. Let j(l) be the first derivative of a(l). Give j(-4).
6
Let s(r) = r**2 - 6*r + 6. Let t(c) = -3*c + 1. Let j(b) = -b - 15. Let q be j(-14). Let y be t(q). Determine s(y).
-2
Let p(j) = -2*j - 6. Let v be p(-5). Let x(a) = 0 + 1 - v - 2*a. Determine x(-3).
3
Let v(o) = -2*o - 14. Let x be v(-10). Let y = x + -10. Let f(c) = c**3 + 5*c**2 + 3*c - 4. Determine f(y).
0
Let n be 2 + -9 + -8 + 9. Let j(a) = 3*a + 6. What is j(n)?
-12
Let i be -3 - (-1)/(1/3). Suppose 0 = 5*t + 5*q + 6 + 4, -4*t - q = -4. Let c(p) = -3*p**2 - 6. Let w(f) = -13*f**2 - 25. Let v(u) = t*w(u) - 9*c(u). Give v(i).
4
Suppose -4*x + 13 = -3*x. Suppose 5*f + x = -3*v, -4*f - 1 = -v - 3*f. Let n(a) = -a - 1. What is n(v)?
0
Let q be 2*((-27)/2)/9. Let p(r) = -r**3 - r**2. Calculate p(q).
18
Let v(c) be the third derivative of -1/6*c**3 + 0 - 1/12*c**4 + c**2 - 1/60*c**5 + 0*c. What is v(-1)?
0
Let o(t) = -2*t + 6 + t - 3. Let f = 3 + 5. Suppose 3*p - 7 = f. What is o(p)?
-2
Let h = 1 - -3. Let f(l) = 1 + h*l**2 + 3*l**2 - 11*l**2 - 2. Suppose -7*b + 4 = -3*b. Give f(b).
-5
Let k(z) = 8*z - 1. Let c(y) = -9*y. Let n(f) = -4*c(f) - 5*k(f). Suppose -b + 4 + 0 = 0. Determine n(b).
-11
Let d(y) = 2*y**3 + 27*y**2 + 13*y - 13. Let b(g) = -g**3 - 13*g**2 - 7*g + 6. Let m(n) = -5*b(n) - 2*d(n). Calculate m(-10).
6
Suppose -b - 4*o - 11 - 5 = 0, 4*o = -16. Let v be (1 - (4 - 3))/1. Let q(a) = 1 + a + b*a + v*a. What is q(5)?
6
Let n be (-1)/(3/(-18)*-2). Let m(p) be the first derivative of -1/2*p**2 + 1 - p**3 - 1/4*p**4 + p. Determine m(n).
4
Let h(a) = 5*a - 19. Let v be h(4). Let d(n) = n**2 - n. Calculate d(v).
0
Let v(c) = c**2 - c + 8. Let x = 18 + -18. Calculate v(x).
8
Let d(r) = 5*r**3 - r**2 + 1. Suppose -i + 4 = 3*i. Determine d(i).
5
Suppose -5*z + 4 = -1. Let f(s) = -5*s**2 - 1. Determine f(z).
-6
Let o(g) be the second derivative of 5*g**3/3 + 3*g**2 - g. Let b(z) = 19*z + 11. Let w(l) = 4*b(l) - 7*o(l). Determine w(-2).
-10
Let n be (-1 + 6/4)*0. Suppose 3*w - 4*k - 1 = n, 28 = -4*w - k - k. Let l(z) = -z**3 - 5*z**2. Give l(w).
0
Let d(h) be the second derivative of h**4/12 - h**3/2 - 2*h**2 - h. Give d(6).
14
Let g = -14 - -14. Let j(h) be the third derivative of g*h - 1/24*h**4 + 0 + 1/3*h**3 - h**2. Calculate j(2).
0
Let j be -8*(10/(-4) + 2). Suppose -7 - 83 = j*u - 2*s, 0 = -2*s + 6. Let o be 6/30 - u/(-5). Let q(m) = m**2 + 2*m - 4. Give q(o).
4
Let a(f) = f**2 - 11*f + 11. Let u = -126 + 135. Determine a(u).
-7
Let q be -1 - (3 - 2)*-7. Let t(g) = -g**2 - 6*g + 4. Let l be t(-5). Let v = l - q. Let a(b) = b - 3. Determine a(v).
0
Let d(g) = g**3 - 5*g**2 + 2. Suppose -16 = -4*k + 4. Suppose 2*q - k = 5. Determine d(q).
2
Suppose 1 - 11 = -2*f. Let s(v) = v**3 - 6*v**2 + 5*v - 7. Give s(f).
-7
Let w(t) = 0*t**3 - 2*t**3 + t + 0*t**3. Let s = -8 - -7. Determine w(s).
1
Let j(s) = -s**3 - 6*s**2 - 3*s + 4. Let t(v) = v - 5. Let f be t(6). Let i be 0 - (5 + -1 + f). Determine j(i).
-6
Let r(d) be the third derivative of -d**4/8 + d**3/6 - 4*d**2. Calculate r(1).
-2
Suppose -5*m - 24 = -u, 3*u + m = -3*m - 4. Let z(p) = -p**2 + 4*p - 5. What is z(u)?
-5
Let s(y) = 3 - 2*y - 4 + 4*y. Let f be ((-8)/(-8))/(2/(-6)). Give s(f).
-7
Let m(s) be the third derivative of -1/12*s**4 - 1/720*s**6 + 0 + 0*s**3 + 0*s + s**2 + 1/120*s**5. Let f(q) be the second derivative of m(q). Calculate f(0).
1
Let k(n) = -n**3 - 2*n - 1. Let t be k(0). Let x(c) = -3*c**3 + 1. Give x(t).
4
Let i be (-33)/(-2)*2/3. Let c = i - 7. Let u(s) be the third derivative of -s**5/60 + s**4/6 - s**3/6 + 3*s**2. Give u(c).
-1
Let d(z) = -z**3 - 4*z**2 - 4*z - 4. Suppose 0 = 4*j - 4, -3*v + 33 + 4 = -2*j. Suppose -8 = -2*x, x = a + 2*a + v. What is d(a)?
-1
Let b(w) = 5*w + 0*w - 9*w**2 + 10*w**2 + 4 - 3*w. Calculate b(-3).
7
Let s(b) = -b**3 + b**2 + b - 8. Suppose 0 = -5*d - 4*i + 16, 0*d + 20 = 3*d + 5*i. Suppose -4*u + 3*u = d. Give s(u).
-8
Let q(a) = 5*a**2 + a. Let k be q(-3). Suppose -12 = 6*n - k. Let y(c) = 2*c - 1. What is y(n)?
9
Let n(q) = -q**3 + q + 5. Let a be n(0). Suppose -a*s = -0*s - 30. Let i(w) = -w**3 + 6*w**2 + w - 2. Give i(s).
4
Let s(j) be the second derivative of -j**5/20 - j**4/12 - j**3/6 + 3*j**2/2 - 22*j. Let y(q) = q**2 - 5*q. Let f be y(5). Calculate s(f).
3
Suppose -2*d - 18 = -2*h, 5 = -5*h + 2*d + 41. Suppose 0 = -3*r + j + 3, 5*j - h = 5*r - 1. Let a(p) = -p**2 - 2*p + 1. Give a(r).
-7
Let t(z) = -z**2 + 5*z - 4*z + 4*z - 1. Let b(g) = g**3 + 3*g**2 - 4*g + 5. Suppose c + 1 = q, 0*c - 2*c - 22 = 3*q. Let y be b(q). What is t(y)?
-1
Let w(s) be the second derivative of -s**3/6 + 7*s**2/2 - 2*s. Suppose 30 = 5*k + 5*g, 0 = -9*k + 5*k - 5*g + 23. Calculate w(k).
0
Let y be 0/1 + 1 + 4. Let o = y - 5. Let d(c) be the second derivative of -c**5/20 + c**4/12 + 2*c**2 + c. Calculate d(o).
4
Let s(j) be the second derivative of -j**3/6 + 11*j**2/2 + j. Let g be s(8). Suppose -b + 20 = g*b, 2*b - 30 = -5*r. Let x(h) = 3*h - 6. What is x(r)?
6
Let r(u) = 2*u**3 + u**2 - u. Let o = -12 - -10. Let p be r(o). Let t be -2*(p/4 + 3). Let q(w) = 2*w**2 + 2*w + 1. What is q(t)?
1
Let r(s) = -s**3 - s**2 + s + 2. Let l be r(2). Let t(q) = -q**2 - 9*q - 2. Let y be t(l). Let a(m) = m**3 - 7*m**2 + 7*m + 3. Give a(y).
9
Let r(b) be the third derivative of -b**4/24 + 4*b**3/3 - 2*b**2. Suppose n + n - 8 = 0. Determine r(n).
4
Let t(z) = z**3 + 4*z**2 + 2*z + 2. Suppose 4 = -4*f - 4*a, 5*f - 6 - 13 = 3*a. Suppose 9 = -5*s - 3*w, -f*s = -4*s - 4*w + 2. Give t(s).
5
Let l = 26 - 32. Let i(z) = -3*z - 9. Calculate i(l).
9
Suppose -5*s - 8 = -28. Let j(r) be the third derivative of 0*r**3 - 2*r**2 + 0*r - 1/24*r**s + 0. Determine j(-3).
3
Let y(b) be the first derivative of -b**3/3 - 5*b**2/2 - 2*b + 6. Determine y(-6).
-8
Let d be -1 - 52/(-3 - 1). Let n = -15 + d. Let g(p) = -p**2 - 3*p - 3. Determine g(n).
-3
Let m(y) be the first de